emainder when 14557526 is divided by 8.
6
Calculate the remainder when 240439 is divided by 240251.
188
What is the remainder when 304550818 is divided by 1260?
1258
Calculate the remainder when 386043 is divided by 2591.
2575
Calculate the remainder when 5193561 is divided by 954.
939
Calculate the remainder when 28141264 is divided by 1047.
1045
Calculate the remainder when 929918 is divided by 274.
236
Calculate the remainder when 4091148 is divided by 243.
0
Calculate the remainder when 992565 is divided by 330846.
27
Calculate the remainder when 7119 is divided by 6295.
824
Calculate the remainder when 81429797 is divided by 3747.
3740
Calculate the remainder when 126494997 is divided by 500.
497
Calculate the remainder when 64755402 is divided by 585.
582
What is the remainder when 115682 is divided by 2?
0
Calculate the remainder when 5375 is divided by 167.
31
Calculate the remainder when 128943762 is divided by 34.
20
What is the remainder when 6304 is divided by 3135?
34
What is the remainder when 159534 is divided by 26?
24
What is the remainder when 1534 is divided by 1242?
292
Calculate the remainder when 837706 is divided by 119672.
2
Calculate the remainder when 213163 is divided by 15222.
55
What is the remainder when 5370549 is divided by 2685240?
69
Calculate the remainder when 98327 is divided by 8160.
407
What is the remainder when 753126 is divided by 191?
13
Calculate the remainder when 2150883 is divided by 37734.
45
Calculate the remainder when 9126283 is divided by 1521019.
169
Calculate the remainder when 113791456 is divided by 5449.
5438
What is the remainder when 1791175 is divided by 391?
4
What is the remainder when 434339 is divided by 62047?
10
What is the remainder when 1444059 is divided by 105?
99
Calculate the remainder when 120999 is divided by 30226.
95
What is the remainder when 3077957 is divided by 5546?
5473
What is the remainder when 51228 is divided by 418?
232
Calculate the remainder when 411556 is divided by 8754.
118
Calculate the remainder when 669064 is divided by 46.
40
Calculate the remainder when 5195379 is divided by 4.
3
What is the remainder when 1767759 is divided by 589051?
606
What is the remainder when 33366 is divided by 4290?
3336
What is the remainder when 115986 is divided by 28779?
870
What is the remainder when 122916205 is divided by 4?
1
Calculate the remainder when 5739237 is divided by 169.
166
Calculate the remainder when 773258 is divided by 1938.
1934
Calculate the remainder when 904784 is divided by 69598.
10
What is the remainder when 666082 is divided by 14?
4
Calculate the remainder when 61145 is divided by 29907.
1331
Calculate the remainder when 33228875 is divided by 10.
5
What is the remainder when 8316978 is divided by 2806?
2800
Calculate the remainder when 158427693 is divided by 14.
11
Calculate the remainder when 2631985 is divided by 1718.
9
What is the remainder when 584494 is divided by 108?
106
Calculate the remainder when 21553689 is divided by 2480.
9
Calculate the remainder when 104331488 is divided by 2275.
2263
Calculate the remainder when 119939 is divided by 39780.
599
Calculate the remainder when 887528 is divided by 62.
60
What is the remainder when 1906255 is divided by 207?
199
What is the remainder when 1838489 is divided by 2?
1
Calculate the remainder when 816798 is divided by 163239.
603
Calculate the remainder when 556311 is divided by 185417.
60
Calculate the remainder when 27417450 is divided by 60.
30
What is the remainder when 2114563 is divided by 305?
303
Calculate the remainder when 403153878 is divided by 635.
633
Calculate the remainder when 6171709 is divided by 248.
229
Calculate the remainder when 1371229 is divided by 457072.
13
Calculate the remainder when 116197105 is divided by 358633.
13
Calculate the remainder when 2188885 is divided by 623.
286
What is the remainder when 686946 is divided by 31224?
18
What is the remainder when 482486 is divided by 10229?
1723
What is the remainder when 436669 is divided by 144813?
2230
What is the remainder when 222375722 is divided by 13?
10
Calculate the remainder when 4367018 is divided by 1095.
158
What is the remainder when 126543 is divided by 101?
91
What is the remainder when 75112 is divided by 14695?
1637
Calculate the remainder when 5379688 is divided by 13654.
12
Calculate the remainder when 23011064 is divided by 269.
266
Calculate the remainder when 15451433 is divided by 43.
28
Calculate the remainder when 47958 is divided by 47921.
37
Calculate the remainder when 1893915 is divided by 438.
3
What is the remainder when 39000 is divided by 1867?
1660
Calculate the remainder when 86383215 is divided by 4429.
4428
What is the remainder when 377444494 is divided by 1001179?
11
Calculate the remainder when 199798396 is divided by 7399940.
16
What is the remainder when 64526699 is divided by 185?
179
Calculate the remainder when 3222240 is divided by 322153.
710
What is the remainder when 455024 is divided by 52?
24
What is the remainder when 644008 is divided by 3050?
458
Calculate the remainder when 4634867 is divided by 1699.
1694
What is the remainder when 877457375 is divided by 151?
150
Calculate the remainder when 1844332 is divided by 614762.
46
What is the remainder when 52781979 is divided by 766?
749
Calculate the remainder when 3053220 is divided by 47.
6
What is the remainder when 3178128 is divided by 454016?
16
Calculate the remainder when 21856502 is divided by 80.
22
Calculate the remainder when 88316797 is divided by 110.
107
Calculate the remainder when 44659858 is divided by 16407.
4
What is the remainder when 1146293 is divided by 71?
69
Calculate the remainder when 14430 is divided by 89.
12
What is the remainder when 33455404 is divided by 54?
28
Calculate the remainder when 16392092 is divided by 1316.
1312
What is the remainder when 84123 is divided by 1677?
273
Calculate the remainder when 4182614 is divided by 278839.
29
Calculate the remainder when 293947 is divided by 2161.
51
Calculate the remainder when 41607263 is divided by 5782.
5773
What is the remainder when 16376268 is divided by 1652?
1644
What is the remainder when 19738564 is divided by 4934641?
0
Calculate the remainder when 86604295 is divided by 1845.
1840
Calculate the remainder when 5892424 is divided by 741.
733
What is the remainder when 299313 is divided by 8311?
117
What is the remainder when 15879656 is divided by 71?
9
What is the remainder when 57422935 is divided by 326?
317
What is the remainder when 356808 is divided by 571?
504
Calculate the remainder when 258124 is divided by 2325.
49
What is the remainder when 10137492 is divided by 4272?
36
Calculate the remainder when 169967354 is divided by 676.
674
Calculate the remainder when 24832 is divided by 1896.
184
What is the remainder when 2173681 is divided by 13016?
9
What is the remainder when 91732434 is divided by 198555?
24
Calculate the remainder when 309700 is divided by 1703.
1457
What is the remainder when 4058193 is divided by 7?
6
What is the remainder when 235810 is divided by 39237?
388
Calculate the remainder when 1130120 is divided by 226006.
90
What is the remainder when 51857211 is divided by 6?
3
Calculate the remainder when 36771135 is divided by 2834.
2819
What is the remainder when 561504 is divided by 1618?
58
What is the remainder when 1057939 is divided by 88160?
19
Calculate the remainder when 255605 is divided by 127788.
29
What is the remainder when 622885 is divided by 11956?
1173
What is the remainder when 130375844 is divided by 3?
2
What is the remainder when 811484 is divided by 4610?
124
Calculate the remainder when 1661207 is divided by 22148.
107
Calculate the remainder when 201067 is divided by 18268.
119
Calculate the remainder when 10220932 is divided by 308.
260
What is the remainder when 2754756 is divided by 344340?
36
What is the remainder when 4073225 is divided by 276?
17
Calculate the remainder when 1365094 is divided by 948.
922
What is the remainder when 1868109126 is divided by 3358?
3356
What is the remainder when 9241276 is divided by 33?
22
What is the remainder when 31313 is divided by 992?
561
Calculate the remainder when 190206 is divided by 21081.
477
What is the 